*f - f = -5*i + 22, -3*i + 22 = 5*f. Suppose 0 = -5*y + 134 + 181. Let z = y + f. Is z a prime number?
False
Suppose 2*g + 4 = 4*g. Suppose -2*w + g = 4. Is w - -2 - (-5 - 0) a prime number?
False
Suppose -37 = -2*o - 4*j + 3, j = -3*o + 45. Is o prime?
False
Let x(d) = 13*d**2 + 6*d + 5. Let o be x(-4). Let b = o + -110. Is b a composite number?
False
Is 4*1/1 + (-520)/(-4) composite?
True
Let o be (-1)/(1/((-1)/1)). Is (o - -1)/(-2)*-51 prime?
False
Let s be (-3 + -5)*(0 - 1). Is (-148)/s*(-1 - 3) prime?
False
Let s(p) = -57*p + 4. Is s(-2) a prime number?
False
Suppose 10 = 5*c - 0. Suppose -5 = 2*d - 3, 5*d - 15 = -c*y. Is y composite?
True
Let q(d) = 14*d**2 + d + 1. Let m be q(-1). Let k = 21 - m. Is k prime?
True
Is 2/(-4)*-110 - 2 prime?
True
Let m be -3 - (21/3 + 2). Is 6755/20 - (-9)/m a composite number?
False
Suppose 4*s = -10 + 2. Let y be (3/s - -2)*6. Is ((-1)/y)/((-2)/678) a composite number?
False
Suppose -3*u - 3*x + 965 - 143 = 0, 3*x - 1370 = -5*u. Is u a composite number?
True
Suppose 5*k = -5*d - 180 + 1745, -4*d - k = -1264. Is d prime?
True
Let h(p) = 3*p**2 - 6*p - 12. Is h(9) a prime number?
False
Let c(i) = 189*i - 3. Is c(4) a prime number?
False
Let u(p) = 33*p**2 + 8*p - 2. Is u(3) composite?
True
Is (3/9)/((-2)/(-114)) composite?
False
Suppose 4 = -5*c + 5*o - 1, 0 = 2*c + 4*o + 8. Is -2 + c - (-81 - 2) composite?
False
Let h(u) = -6*u**2 + 3*u - 1. Let l be h(-4). Is (7/7)/((-1)/l) a prime number?
True
Let t be 9 + -1 + (-2)/(-1). Is (11/2)/(1/t) a prime number?
False
Suppose 0 = 2*v - 7 - 1. Suppose 4*o = 2*o - 4*g + 246, 0 = v*o + 4*g - 484. Is o prime?
False
Let o(s) = -3*s**2 - 7*s + 0*s**2 + 4*s**2 + 4. Let u be o(6). Is (1 - (-35 + u))/2 a composite number?
False
Suppose -4*u + 6136 = 4*t, -7673 = -5*t - 0*u - 2*u. Is t prime?
False
Is -11 + 64 + -2 + 2 a composite number?
False
Suppose 12 = -3*j + 4*j. Let a = -5 + j. Is a a prime number?
True
Is 10/(-15)*1/((-4)/1986) prime?
True
Let i(b) = -4*b + 2. Let g be i(2). Is (-46)/((-3)/g*-2) prime?
False
Let a be 24/10 + 6/10. Suppose 52 = a*w - w. Is w a composite number?
True
Let i(k) = 44*k**2 + 9*k + 9. Is i(8) a composite number?
False
Let g(t) = 4 - 1 - 3 - 7*t - 1. Let b be g(-1). Is 39/2*b/9 a prime number?
True
Suppose -4*y + 1546 = -2*y + 4*a, 2*a = 3*y - 2351. Let p = -546 + y. Is p composite?
True
Let i(y) = y**2 + y. Let p(j) = -94*j**2 + 2*j - 1. Let z(b) = 4*i(b) - p(b). Let l = 31 - 32. Is z(l) a composite number?
False
Let c(f) = -f**3 + 3*f**2 + 1. Let b be c(3). Let m = b + 22. Is m composite?
False
Let i = 0 + -1. Let f(z) = 214*z**2 - 2*z - 1. Is f(i) prime?
False
Let d(k) = k**3 + 6*k**2 + 3*k + 3. Is d(5) composite?
False
Let v(k) = -17*k**3 + 11*k**2 + 9*k + 4. Suppose 76 = 4*f + 32. Let y(h) = -6*h**3 + 4*h**2 + 3*h + 1. Let a(m) = f*y(m) - 4*v(m). Is a(4) composite?
True
Is (-3)/((-3564)/(-1192) + -3) a prime number?
False
Let v = 3 - 3. Suppose 5*n - 25 = -v*n. Suppose 39 + 31 = n*s. Is s a composite number?
True
Suppose 10*s - 5*s = -3*i + 13, 2*i = -8. Suppose 0 = -s*l + l - 36. Let o = l - -34. Is o composite?
True
Suppose 2*a = -5*u - 3 - 10, -3*a + u + 6 = 0. Let v be -3*a*(-1167)/9. Let r = v - 258. Is r a composite number?
False
Let n be (-1)/(-4) - (-65)/(-20). Let b be (n/2)/((-3)/4). Suppose 35 = -b*k + 7*k. Is k prime?
True
Let a(z) be the second derivative of z**4/3 - 2*z**3/3 + z**2 + z. Suppose 0 = -0*x + 3*x - 6. Is a(x) composite?
True
Let l(i) = -8*i**2. Let o be l(1). Let b(j) = -j**2 - 9*j - 6. Let c be b(o). Suppose 2*p + 4 = 0, -g + 4*g = -c*p + 62. Is g a composite number?
True
Suppose 0*h + 338 = 2*h + 5*o, -3*o = 12. Is h a prime number?
True
Suppose -5*s + 115 = 2*k, -115 = -5*s - 2*k - k. Suppose 12 = -2*i - 4*m + 34, s = i + 5*m. Suppose 0 = -i*p - 3*t + 258, -5*p - 3*t + 429 = t. Is p prime?
False
Suppose 2*z - 243 - 217 = 0. Suppose 5*a - 215 = z. Is a a prime number?
True
Let z = 49 + 129. Suppose -4*h = -210 - z. Is h composite?
False
Let k = 1 + 2. Suppose o + l - 3 = 0, k*l = -o + 1 - 0. Suppose 5*q = -y + o*q + 52, -5*y = -2*q - 253. Is y prime?
False
Let g(d) = 18*d**2 - 11*d + 13. Is g(-10) a composite number?
True
Let u(t) be the first derivative of 14*t**3/3 + 3*t**2/2 - t - 3. Let p be u(-6). Is p/3 - 14/21 composite?
True
Let g(q) = -q. Let r(f) = -1. Suppose -2*y = l, 5 + 5 = -2*l + y. Let d(x) = l*r(x) + 3*g(x). Is d(-3) composite?
False
Let x = 0 + 4. Suppose x = -2*k, -s - s - 348 = -3*k. Is (-1)/(357/s + 2) a composite number?
False
Suppose 0 = -3*q + 5*h + 65, 0*q + h - 39 = -2*q. Let m = 29 + q. Is m prime?
False
Suppose 4*q = 693 + 1479. Is q a prime number?
False
Suppose -5*c + 2355 = -5*s, 2*s + 1884 = -c + 5*c. Let x = c + -312. Is x prime?
False
Suppose 6682 = 5*p - 3*j, -2*p + 2*j = 1134 - 3806. Is p composite?
True
Suppose -2*t + 10 = 4*x - 4, 5*x - 7 = t. Suppose -1 - x = p. Is 2 + -3 + (-168)/p a composite number?
True
Suppose -p = 4*p - 10. Suppose 0 = -3*u - p*u + 105. Is u a prime number?
False
Let q(g) = -g**3 + 2*g**2 + 2. Is q(-5) a composite number?
True
Let y(v) = v**3 - 5*v**2 + 3*v - 1. Let q = -9 + 5. Let a(k) = k**2 + 2*k - 3. Let h be a(q). Is y(h) prime?
False
Suppose 8*c = 3*c + 5. Let x = 3 + c. Suppose 0 = -2*o - 5*v + 430, 4*o = x*v - 116 + 920. Is o a composite number?
True
Suppose 4 = 2*o + 16. Let b = o + 8. Suppose 54 - 308 = -b*z. Is z a composite number?
False
Is (-2587)/(-5) + (-2)/5 a composite number?
True
Let w be 1/((-1)/6) + -1. Is (w - -9)*(-370)/(-4) composite?
True
Let x = -191 - -304. Is x composite?
False
Let q(r) = r**2 + r + 1. Let d be q(0). Is d + 0 + 71 + -5 composite?
False
Let u = -6 + 10. Suppose u*b + 7 = m, -2*m - 20 + 7 = b. Is b/6 + 134/4 a composite number?
True
Let i(q) = -3 + 13*q**2 + 0 - q**3 - 14*q + 1 + 3. Is i(10) a composite number?
True
Let a be ((-3)/4)/(3/(-8)). Suppose -5*g + a*g + 5*l = -795, 0 = -2*l. Is g a prime number?
False
Suppose -3*l = -0*l - 14727. Is l a prime number?
True
Suppose 4*v = -0*v + 4*s + 12, 3*v - 9 = 4*s. Let m = 6 - v. Suppose 0 = -7*x + m*x + 60. Is x a composite number?
True
Suppose l - 20 = -4*l. Let o be (1 - l)/(0 - 1). Suppose o*n = 81 + 78. Is n a prime number?
True
Suppose t + 6 = -4*d + 23, 25 = 5*t. Is 34 + (d - 2) + 0 a composite number?
True
Suppose 5*o = x + 54, 70 = 5*o - 4*x - x. Is (18/o)/(3/10) composite?
True
Let u = -495 - -848. Is u a composite number?
False
Suppose 7*j - 11*j - 8 = 0. Suppose 2*f = 7*f - 30. Is j/f + 888/18 a prime number?
False
Is (-4)/6 + (-36025)/(-33) a composite number?
False
Suppose 0*x - x - 3*j + 19 = 0, -j = -3*x + 67. Is x a prime number?
False
Let l = 223 + -148. Suppose -g = 2*g - l. Is g a composite number?
True
Is ((-51)/(-5))/(10/50) a prime number?
False
Suppose -7*y + 5*q + 1065 = -3*y, -3*y + 3*q = -801. Let v(l) = 12*l + 5. Let p be v(-5). Let w = y + p. Is w a prime number?
False
Let z(p) = p**2 - 12*p + 9. Is z(14) a prime number?
True
Suppose 5*p - 28099 = -4*s, -22496 = -4*p + 4*s - 3*s. Is p composite?
False
Let y(h) = 29*h - 2. Let f be y(1). Is (-1045)/(-45) + (-6)/f a prime number?
True
Is ((-23480)/24)/5*(-1 + -2) composite?
False
Let v = 179 - 102. Is v composite?
True
Suppose 2 = -3*y + 11. Suppose -262 = -y*g + g. Is g a prime number?
True
Let f(b) = -2*b - 12. Let k be f(-9). Suppose i - k*i = -245. Is i a composite number?
True
Let q(m) = 6*m**2 + 4*m - 7. Let v = 16 - 11. Is q(v) a prime number?
True
Suppose 2 = 4*p - 6. Let k(h) = 4*h**2 - 4*h + 0*h**2 - 3 - p. Is k(4) composite?
False
Is 5/(-20) + (-141)/(-4) prime?
False
Suppose 4 = 3*h - 8. Suppose 7 = -d - h*u, d + u = -d + 7. Suppose -a + 71 = 5*i, -d*a - 18 - 19 = -3*i. Is i composite?
True
Let j(s) = -8*s + 5. Suppose 36 = k - 0*k. Suppose -4*c + 3*a - k = a, 3*a = 5*c + 45. Is j(c) a prime number?
False
Suppose -r + 797 - 81 = 0. Suppose -3*j + 15 = 0, -2*j - r - 622 = 4*g. Let y = 522 + g. Is y composite?
True
Let s be ((-1866)/(-9))/(6/81). Suppose 5*j + 4*t = s, -3*j - t + 1654 = -31. Is j a prime number?
True
Suppose -o + 186 = -3*n - 257, o - 444 = 2*n. Is o a prime number?
False
Let u(c) = 2*c**2 - 1. Let f be u(-1). Is 0 + f + (-1048)/(-4) a composite number?
False
Let x(a) = 18*a - 5. Let v = 4 + 0. Is x(v) a composite number?
False
Suppose -4*l + 11 + 